et b(t) = 3*t**2 - 1390*t + 10926. What is b(8)?
-2
Let a(y) = 16*y**2 - 1076. What is a(-14)?
2060
Let c(w) = -w**2 - 452*w - 52083. Determine c(-208).
-1331
Let f(k) = -47*k**3 + 237*k**2 - 40*k + 167. Give f(5).
17
Let q(s) = -2*s**3 + 940*s**2 + 6641*s + 17639. Determine q(477).
-10
Let c(r) = 46*r**2 - 24867*r - 10282. Calculate c(541).
-3
Let i(t) = -t**3 + 91*t**2 - 1999*t - 13. Determine i(37).
-50
Let q(b) = -6*b**2 - 257*b + 4690. What is q(18)?
-1880
Let v(k) = -k**3 + 99*k**2 - 2563*k - 4. Calculate v(53).
-6629
Let k(u) = -3*u**2 + 7645*u - 22911. What is k(3)?
-3
Let t(v) = 2*v**3 + 88*v**2 + 395*v - 42. Calculate t(-39).
-237
Let o(v) = v**3 - 4*v**2 + 5*v - 679. Give o(0).
-679
Let j(d) = -2*d**3 - 31*d**2 - 37*d + 46. Calculate j(-11).
-636
Let f(u) = 788*u**2 - 521*u - 521. Calculate f(-1).
788
Let n(k) = 2*k**2 + 4140*k - 16598. Give n(4).
-6
Let n(d) = 7*d**2 - 39*d - 1370. Determine n(-19).
1898
Let r(m) = -2*m**3 + 353*m**2 + 2195*m + 39. What is r(-6)?
9
Let l(t) = t**3 - 247*t**2 - 159891*t + 551. Give l(542).
9
Let g(y) = -168*y + 10605. Give g(58).
861
Let d(p) = -3804*p + 95105. What is d(25)?
5
Let r(u) = -264*u + 6039. Give r(23).
-33
Let g(l) = -3983*l + 51769. Determine g(13).
-10
Let f(c) = 1913*c - 187440. Determine f(98).
34
Let a(b) = 5*b**3 - 21*b**2 - 141*b + 295. Give a(7).
-6
Let i(l) = 31982*l - 447732. Determine i(14).
16
Let k(b) = -b**3 - 107*b**2 + 1043*b + 59. Determine k(9).
50
Let k(l) = -61*l**2 + 3845*l - 127. Determine k(63).
-1
Let d(w) = 845*w + 669994. What is d(-793)?
-91
Let i(g) = -805*g**3 + 11*g**2 - 411*g - 423. Calculate i(-1).
804
Let x(u) = 17*u**2 - 341*u + 32. Give x(19).
-310
Let m(g) = -26*g**2 - 1382*g - 151. What is m(-53)?
61
Let q(l) = 109*l + 605. Give q(-7).
-158
Let i(l) = -478*l**2 + 134*l + 265. Give i(-2).
-1915
Let d(g) = g**3 - 24*g**2 + 10*g + 228. Give d(-9).
-2535
Let j(b) = 167*b - 46580. What is j(266)?
-2158
Let k(i) = 7*i**2 - 416*i + 5230. Determine k(13).
1005
Let u(w) = -15310*w + 30633. Give u(2).
13
Let c(a) = 10479*a - 409312. Give c(39).
-631
Let s(o) = 2*o**3 + 123*o**2 + 1809*o - 65. Determine s(-24).
-281
Let r(x) = 323*x**3 + 3*x**2 + 33*x - 30. Give r(1).
329
Let f(i) = i**2 - 94*i - 496. Calculate f(96).
-304
Let l(c) = -429*c + 6254. Give l(15).
-181
Let d(t) = -t**3 - 118*t**2 - 1006*t - 245. Calculate d(-9).
-20
Let h(v) = v**3 - 306*v**2 + 679*v - 302704. Determine h(307).
-2
Let w(r) = -119643*r + 13280370. Give w(111).
-3
Let z(y) = -54*y**2 - 406*y - 947. Give z(-3).
-215
Let y(x) = -17305*x - 8860163. Determine y(-512).
-3
Let p(z) = -2*z**2 + 14*z + 234. What is p(9)?
198
Let q(r) = -72*r + 1488. Calculate q(41).
-1464
Let p(o) = -81*o - 2664. Calculate p(-22).
-882
Let x(s) = -189*s - 53394. Determine x(-283).
93
Let y(p) = p**3 + 11*p**2 + 5*p - 698. Calculate y(-10).
-648
Let d(h) = -2*h**2 + 6301*h - 1024599. What is d(172)?
5
Let s(w) = 20*w**2 - 75*w - 893. Calculate s(-5).
-18
Let w(t) = -4*t**2 + 140*t + 67. What is w(36)?
-77
Let i(v) = 2*v**3 - 15*v**2 + 2*v - 17. Determine i(11).
852
Let s(w) = -w**2 - 362*w + 661143. Calculate s(652).
15
Let b(c) = -309*c - 53734. Determine b(-174).
32
Let z(n) = 5*n**2 + 2121*n + 30710. Calculate z(-15).
20
Let q(o) = -24*o**2 + 87*o + 803. Determine q(-9).
-1924
Let z(k) = -3498*k - 9082. Give z(-3).
1412
Let x(l) = 12855*l - 103408. Determine x(8).
-568
Let y(m) = 3*m**3 + 143*m**2 - 1940*m - 15. Calculate y(11).
-59
Let c(l) = -l**2 - 37464*l + 712185. What is c(19)?
8
Let z(r) = r**3 - 20*r**2 - 55*r - 302. Determine z(24).
682
Let p(x) = -729*x + 1049. What is p(-4)?
3965
Let q(d) = 555514*d - 3333095. Give q(6).
-11
Let y(b) = b**3 - 17*b**2 + 52*b - 2994. Calculate y(21).
-138
Let k(n) = 8*n**2 + 69*n + 1422. Give k(-15).
2187
Let k(f) = -f**2 - 530823*f - 1592450. Give k(-3).
10
Let z(r) = r**3 + 170*r**2 + 352*r + 3135. Calculate z(-168).
447
Let x(r) = -r**3 - 6*r**2 - 4127*r - 16494. Give x(-4).
-18
Let o(x) = x**3 - 17*x**2 + 7004*x - 111834. Determine o(16).
-26
Let m(w) = w**2 - 122*w - 1036680. Calculate m(1081).
-1
Let w(b) = -9886*b + 108721. Calculate w(11).
-25
Let x(q) = -q**2 - 1166*q + 9386. Give x(8).
-6
Let m(k) = -k**3 + 77*k**2 + 4222*k + 94. Determine m(-37).
-54
Let h(d) = 37*d**2 - 2636*d + 3209. Give h(70).
-11
Let d(x) = -1008*x**2 - 9064*x + 60. Give d(-9).
-12
Let q(p) = 8810*p + 8882. Determine q(-1).
72
Let a(l) = 20*l**2 + 105*l - 44. Determine a(-10).
906
Let n(c) = -c**3 + 42*c**2 + 31*c + 72. Calculate n(43).
-444
Let h(f) = -864*f - 42711. Determine h(-50).
489
Let c(r) = -71*r**3 - 80*r**2 + 16*r + 63. Determine c(1).
-72
Let m(g) = -1668292*g + 11678051. Determine m(7).
7
Let m(l) = 4*l**2 + 125*l - 1439. Calculate m(-40).
-39
Let o(k) = 4*k**2 - 27*k - 110. Determine o(-3).
7
Let f(a) = -2*a**3 + 61*a**2 + 243*a - 161. What is f(34)?
9
Let i(b) = 9*b + 2903. What is i(-38)?
2561
Let m(j) = 144*j + 3729. Calculate m(-26).
-15
Let m(z) = z**3 + 126*z**2 - 29132*z + 5627. Determine m(-245).
-8
Let h(x) = -954*x - 10641. Calculate h(-11).
-147
Let z(d) = -12*d**2 - 34957*d + 597735. Calculate z(17).
-2
Let m(t) = 2813*t**2 + 202537*t + 77. Calculate m(-72).
5
Let d(r) = -2*r**3 + 179*r**2 - 106*r + 1464. What is d(89)?
-49
Let n(p) = -p**2 + 804*p + 2424066. Calculate n(-1206).
6
Let w(q) = 1438*q + 22363. What is w(-16)?
-645
Let r(t) = t**3 - 1663*t**2 + 45779*t - 51. Determine r(28).
-79
Let h(q) = 544*q**2 - 10360*q + 449. Give h(19).
-7
Let a(s) = -5144*s - 25792. What is a(-5)?
-72
Let f(c) = -2532*c - 122418. Give f(-48).
-882
Let j(i) = -20*i + 716. Calculate j(-5).
816
Let t(d) = -3322*d - 39810. Give t(-12).
54
Let x(o) = -o**2 + 370*o + 26153. Calculate x(-60).
353
Let a(t) = 1963*t + 55038. Calculate a(-28).
74
Let h(w) = 819*w**2 + 77692*w - 10737. Give h(-95).
-2
Let g(n) = 3*n**3 + 4*n**2 - 7165*n + 7165. What is g(1)?
7
Let z(w) = w**3 - 439*w**2 - 1729*w - 19061. Give z(443).
-12
Let b(r) = r**3 + 2983*r**2 - 20892*r - 261. What is b(7)?
5
Let f(i) = -i**3 - 95*i**2 - 607*i - 14128. Give f(-90).
2
Let v(c) = -201*c**2 - 3976*c + 13. Determine v(-20).
-867
Let b(x) = -39*x + 2037. Give b(0).
2037
Let k(m) = -563*m + 172058. Determine k(304).
906
Let b(i) = i**2 + 11451*i + 22904. What is b(-2)?
6
Let l(y) = -y**3 + 44*y**2 + 195*y - 908. Give l(47).
1630
Let w(a) = -a**3 + 101*a**2 - 189*a + 146. Determine w(99).
1037
Let k(r) = -r**3 - 31*r**2 + 344*r - 312. Determine k(1).
0
Let h(g) = -7*g**2 + 464*g - 6469. What is h(14)?
-1345
Let w(d) = -626*d - 63824. Give w(-102).
28
Let w(m) = -2*m**2 - 10082*m - 1295932. Calculate w(-132).
44
Let f(g) = -785*g**2 - 1065*g - 284. Calculate f(-1).
-4
Let k(f) = 275*f**3 + 1610*f**2 - 21*f - 13. Calculate k(-6).
-1327
Let k(m) = 2*m**3 + 157*m**2 + 71*m - 588. What is k(-78)?
-42
Let f(o) = -3*o**3 - 231*o**2 - 1465*o - 76. Calculate f(-70).
-426
Let g(w) = w**3 - 4*w**2 - 2362*w - 6973. Give g(52).
-5
Let b(p) = -509*p**2 - 1097*p + 7880. Calculate b(3).
8
Let j(k) = -k**3 + 664*k**2 + 4094*k - 49579. Determine j(670).
1
Let z(k) = -k**2 - k + 83232. Determine z(288).
0
Let r(i) = -i**2 - 86321*i + 2849679. What is r(33)?
-3
Let x(p) = 155*p + 65003. What is x(-420)?
-97
Let p(x) = 4*x**2 - 9132*x - 82096. Give p(-9).
416
Let s(l) = -841*l + 11516. Give s(14).
-258
Let d(o) = 46185*o + 3140580. Calculate d(-68).
0
Let k(y) = 2*y**2 - 1003*y + 15538. What is k(16)?
2
Let c(o) = -598*o + 112388. Determine c(188).
-36
Let b(j) = 12420*j + 782688. What is b(-63)?
228
Let k(w) = 4447*w + 35678. What is k(-8)?
102
Let p(x) = 8*x**3 - 206*x**2 + 194*x - 1133. Calculate p(25).
-33
Let l(z) = -15*z**3 + 223*z**2 + 494*z - 11146. Calculate l(13).
8
Let d(m) = -m**3 + 31*m**2 + 116*m - 1486. Give d(34).
-1010
Let j(s) = -s**2 - 11431*s + 227. Give j(0).
227
Let m(b) = 53*b - 1663. What is m(31)?
-20
Let i(q) = -211*q + 5845. Determine i(28).
-63
Let u(c) = 9464*c - 6747817. What is u(713)?
15
Let w(j) = 287*j**2 + 713228*j + 81998. Determine w(-2485).
-7
Let n(l) = 1555*l + 46617. Give n(-30).
-33
Let z(d) = 4458*d + 5055370. Determine z(-1134).
-2
Let k(l) = -2*l**3 - 21*l**2 + 97. What is k(-10)?
-3
Let s(z) = 101*z - 6755. Calculate s(53).
-1402
Let o(z) = z**3 - 29*z**2 + 211*z + 202. Give o(21).
11